 - -18)))
47
Evaluate -4 - (-3 - -1) - (-1 - 5) - (904 + -872).
-28
Calculate 97 + (-32 - (-58 + 23) - 28).
72
-1 - -21 - (33 - (4 + 14))
5
Evaluate -79 - 0 - (-2 - 2 - (-41 + 33 + 4)).
-79
What is 9 - (0 - (-2 + 4)) - (5 + (-35 - -54))?
-13
Evaluate 61 + (7 - 57) + 7 - (113 - 0).
-95
-41 + ((18 - 9) + (-6 - 25) - -8)
-55
What is the value of (-13 - -12) + (-343 - -344) + (0 - (0 + -14))?
14
Evaluate 13349 - 13419 - (-23 - -1).
-48
What is the value of (-3 + 23 - 21) + (-2 + 1 - -5) - 22?
-19
(-81 + 61 - (-30 + 9 + 5)) + -144
-148
-28 - (-74 - (21 + (-7 - 16)))
44
What is -22 + 67 + -91 + 30?
-16
What is (5 - 5) + -3 + -4 + 8 + (466 - 339)?
128
4 - (12 + (-15 - -3) + 6 + 7)
-9
Calculate ((54 - 29) + -21 - 20) + 12 + 0.
-4
22 + -6 + 14 + -277 + 160
-87
Evaluate -2 + -5 - (89 + -93) - -4 - (1 - -55).
-55
Evaluate (-34 - -2) + (6 - (37 + -23) - -3).
-37
(-5 + 101 - 4) + 6 + -365 + 343
76
6 - -2 - (9 + (78 - 9) + 9 + -13)
-66
What is the value of -4 + 35 - 24 - 20?
-13
What is the value of -24 + (21 + 1 - 4) + -6?
-12
What is -6 + 4 + -17 + 6 - (-17 - (50 - -44))?
98
11 - 16 - (8 + -16) - (61 + -17)
-41
(233 - 250) + -44 + (10 - 2)
-53
Calculate (6 - (-8 + 6)) + (12 - 27) + 5.
-2
What is the value of 14 - (-62 + 9 - -112)?
-45
What is 108 + (-101 - -74) - 89?
-8
What is 28 + (-2 + 23 - 2) + -208 + 184?
23
What is the value of -22 + -4 + 7 + (24 - -15)?
20
What is the value of (-66 - -55) + -2 + 3 + 59 + -5 + -4?
40
(59 + 1 - 1) + (-4948 - -4933)
44
What is the value of 62 + -91 + 37 + 134?
142
What is -10 - (1 - 4 - (66 - (9 + 2 - 10)))?
58
What is the value of 10 + (14 - -4) + (-10 - -3)?
21
Evaluate 124 - (126 - -20) - 80.
-102
Calculate 8 - (-7 + -5) - (-194 - -161).
53
What is 75 - (-7 + 18 + (-33 - -19))?
78
What is the value of -2 + 45 + -55 + -3 + -6 + -3?
-24
Evaluate (32 - 22) + (0 - ((-4 - 2) + 63)).
-47
-4 + ((45 - 24) + -38 - 103)
-124
Evaluate (-10 + -9 + 7 - -1) + (-3 - 10).
-24
(130 + -87 - 42) + -67
-66
Evaluate 0 + 5 - 22 - (9 + -6).
-20
Evaluate 242 - ((-146 - -130) + 117).
141
Evaluate 23 + 1 - (10 + (-22 - (-21 - 4))) - -33.
44
Evaluate (-3 + 5 + 62 - (-19 + 34)) + 11.
60
What is the value of ((0 - 4) + -19 - 5) + (11 - -9) + -13?
-21
What is the value of (-2852 - -2794) + -4 + 81?
19
Evaluate 33 - 10 - (726 + -799).
96
5 + (-27 + 14 - 62) + 0 + 7 + -6
-69
Evaluate -2 + 0 - -25 - (-1266 - -1242).
47
21 - (-90 + 22 + 33)
56
What is the value of (-129 - (-290 + 160)) + -48?
-47
Evaluate -55 + 4 - (-50 + -55).
54
What is the value of -68 + 64 + (82 - 60 - (6 - -1))?
11
What is the value of (22 - (20 + -1)) + -16 - 8?
-21
Calculate (2 + -6 - 8) + 1 - (-4 + 4 + 6).
-17
(-207 - -245) + (-10 - -6) + (1 - -13) + -11
37
What is 18 + -11 - -22 - (27 + -23)?
25
What is the value of 8 - (-23 + 54) - -23?
0
What is 47 - ((2 - -6) + 37)?
2
What is -26 + 58 - (64 - -5)?
-37
Calculate -1 - 0 - 11 - (27 + -26 + -49).
36
What is -7 + (-34 - 12) + 11 + (-3 - -4)?
-41
Calculate (9 - (53 - -7)) + 49.
-2
89 + 6 + -5 + (-43 - 33 - -55)
69
Calculate -22 - (-33 + -37 + 55).
-7
What is -44 + 3 - (12 + -8) - (14 + -40 + 33)?
-52
Evaluate 81 + -22 + -142 + 41.
-42
What is the value of -78 + (418 + -409 - (1 - 11))?
-59
Calculate -179 - (-278 - -109 - -76).
-86
Calculate -54 + 0 + -2 - (44 - 14 - 38).
-48
Evaluate 22 + -13 - 8 - -35.
36
(-13 - (-41 + 17)) + (2 - 14) + -6 + 55
48
What is (-57 - -52 - (-20 + 14 - (3 - 14))) + 23?
13
What is the value of 0 - 13 - (42 - -5 - (-4 + 14))?
-50
What is -664 + 661 - (10 + 41)?
-54
Evaluate 6 + 11 + (-211 - -108).
-86
What is (13 - (6 - (-1 + -15 - -6))) + -8?
-11
Evaluate (100 - 109 - (1 + -12)) + (12 - 1) + 61.
74
(-2 - 34) + (6 + 2 + (0 - 2) - 15)
-45
What is -9 + (-32 - (-14 + -7)) + 21 + (0 - 6)?
-5
-1 + 3 + -5 - (-5173 - -5303)
-133
35 - -18 - 72 - (-13 + -1 - -1) - -55
49
What is the value of (46 - 12) + -11 - 64?
-41
What is the value of 68 + -51 - (71 + (-1 + 3 - 7))?
-49
13 + -3 + 3 + 3 + (-16 - -10) - -1
11
Evaluate (66 - (11 + 129)) + 86.
12
22 + (-6 - -5) + 9
30
What is -1 + (15 + -5 - 6) + -8 - (102 - -13)?
-120
Calculate (14 + -2 - -12) + -11 + (7 + -4 - 4).
12
What is (24 + (-16 - -8) - -6) + -1?
21
What is (475 - 520) + (82 - 11)?
26
Calculate -105 - (-143 - (-52 + -22)).
-36
What is 35 + (-42 - -32) - (14 - 0)?
11
101 - (-67 - (-1 + -90))
77
-1 - (0 - (33 + 3)) - (-626 + 619)
42
Calculate -25 - ((33 - 61) + 52).
-49
Calculate 33 - (31 + -87 + 150).
-61
What is the value of 20 + (5 - 12) + -6 + 12 + -2 + -2?
15
Calculate 9 - (-1 + (0 + (-13 - -10) - 9)).
22
95 + (-20 - (1 - -25))
49
Calculate 2001 - 1943 - (-5 - -51).
12
Calculate 11 + -29 - ((-8 - 37 - -5) + -13).
35
What is 23 - (-52 + -97) - 88?
84
Calculate 24 + -2 + -7 + 39 + -21.
33
Calculate 37 - (29 + (-11 - -31) + -17).
5
Evaluate -26 - (3 - -1 - (-91 - -105)).
-16
Evaluate -36 - (-2 + -14 - (-15 - -9 - 4)).
-30
What is -95 + (-803 - -807 - ((-1 + -2 - -11) + 3))?
-102
What is the value of -115 + (1 - -45) + 44?
-25
What is the value of -2 - 10 - (185 - 82 - 82)?
-33
What is (-82 - 13 - 84) + 87?
-92
9 - (-4 - -1 - 0 - (-3 - 18))
-9
What is -1165 - -1085 - (3 + -55)?
-28
14 + (43 - (53 - 9)) + -38 + -1
-26
What is 82 - (6 + (-12 - 5) - (18 - 24))?
87
What is 15 - 102 - (14 + -50)?
-51
Calculate -51 + 75 - -8 - -15.
47
Calculate -4 + (-20 - -20) - -8.
4
Calculate (16 - 16) + -6 + 12 - 13.
-7
What is the value of -30 - (-27 - (6 - -9))?
12
48 + -48 + 5 - (-20 - -20)
5
6404 - 6487 - (-118 + -2)
37
Calculate (-2 - 30) + (490 - 490) + (2 - 5) + 13.
-22
-75 + -17 + (-10 + 22 + (-11 - -12) - 5)
-84
What is the value of (-2 - -33) + -25 + 12 + (-53 - 0)?
-35
What is the value of 10 + 2 + 0 + 1 - (-37 - -39)?
11
What is the value of -132 - (-137 + -99 + 206)?
-102
Evaluate (0 - (-8 - (-3 + 11))) + -40 + 38 + 56.
70
Evaluate 47 - 43 - -61 - 15.
50
What is the value of -5 + (1 - (-5 - 8 - -11)) + (-30 - 1)?
-33
Evaluate (-45 - -32) + (-6 - ((15 - 8) + -42)).
16
What is the value of (-62 - (-24 + -54)) + 36?
52
What is the value of 49 + (-65 - (49 - 20))?
-45
Calculate 17 + 46 - (-1 - ((2 - 0) + -3)).
63
What is the value of (-109 - 4) + (-36 + -97 - -178)?
-68
What is 121 - (32 + -30 + 58)?
61
Calculate 1 + -12 + -144 + 132 - -5 - -10.
-8
What is the value of (3 - -10) + -24 - (-56 - 0 - 5)?
50
Calculate -47 + (8 + -1 - (5 + -4)) + 55 + -47.
-33
0 + -2 + (-62 - (79 - 134))
-9
Calculate -9 + -2 + (1 + -4 - -7) + 44.
37
Calculate -1 + -1 - (25 + (35 - 47)).
-15
What is 10 - (83 - (6 + 14 + -7) - 7)?
-53
Evaluate 33 - -23 - (2 + 6 + -48 + 53).
43
What is 60 + -39 + -50 + 16?
-13
What is the value of -12 + -1 - (-17 + 8 - (-13 + 3))?
-14
Calculate 100 - 0 - (40 + 72 + -65 + -57).
110
Evaluate 5 + -1 + -2 + 1 - (2307 - 2407).
103
What is the value of 35 + -25 - (-9 - (-10 + 2))?
11
What is the value of (-11 - -72) + 64 + -66?
59
Evaluate 16 - ((-20 + (3 - -10) - 47) + 10).
60
What is (24 - 1) + (-38 - -22 - (-17 + -1))?
25
65 + 1 + 2 - (23 + -16 + 21 - 25)
65
-8 + 16 + (-33 - (-9 + 3 + -2)) + 4
-13
What is the value of (30 - 49) + (-2 - 0) + 9 + 26?
14
Evaluate -56 + (55 - 7) + 3 + 34.
29
-2 + 7 - (7 + 26 + -16 + -17)
5
Calculate 31 + -2 + 3 + -5612 + 5468.
-112
Evaluate 40 - (62 + -18) - (0 + 2 + 4).
-10
What is (4 - (15 - 6)) + 79 - (2 + 5 - -2)?
65
What is (155 - 199 - -44) + 2 + 6?
8
Evaluate (-33 - -118) + -150 + -22 + 0.
-87
(-199 - 19) + (1251 - 1171)
-138
Evaluate 18 + (-39 - 121) + 53.
-89
What is the value of -6 - 40 - (29 + 20 + -68)?
-27
Calculate (95 + -119 - (-14 + -2)) + 1 + 39 + 1.
33
What is the value of 9 + -29 + 36 + -16 + -14?
-14
What is -1 + 12 + (-110 - -83)?
-16
19 - (-1 + (-126 + 114 - (3 + -1)))
34
Evaluate (195 - 36) + -86 + -1.
72
What is 6 + (-100 - (1 - 3 - ((-25 - -4) + 18)))?
-95
Evaluate (-6 - -23) + (17 - (15 - -2) - (4 - 0)).
13
What is (-1 - 0 - -5) + -132 + (164 - 4)?
32
(0 - 0) + (19 + -30 - 3) + 22
8
-1 - -64 - (8 + (-14 - (-11 + 27)))
85
What is the value of 34 + -3 + 115 + -23 + -200?
-77
(13 - (-14 + 0 - -33)) + -7 + -8
-21
What is -18 - (71 + -96 - (-18 - -4))?
-7
What is the value of -71 - (-159 + (62 - -142))?
-116
Calculate -55 + 44 + (-3 - -46) + -99.
-67
Evaluate -1 + 0 - (8 - 3) - (188 - 173).
-21
Calculate 4 + 6 - (-13 + (-7 - 8 - -117)).
-79
Calculate (116 - 114) + (2 - 9) - 6 - 9.
-20
Calculate (-13 